ighest common divisor of 22670840 and 32495.
485
Calculate the greatest common divisor of 165531652 and 8874.
986
What is the greatest common divisor of 989725840 and 80?
80
What is the greatest common divisor of 2469 and 11499?
3
Calculate the highest common factor of 604040 and 9560.
40
What is the greatest common divisor of 3041892 and 56196?
252
Calculate the highest common factor of 12597 and 12345801.
741
Calculate the highest common divisor of 38008751 and 1133.
1133
What is the highest common factor of 308 and 90034252?
308
Calculate the greatest common factor of 260 and 10276.
4
Calculate the greatest common divisor of 62480 and 565576.
88
What is the greatest common factor of 7726670 and 86870?
1190
Calculate the greatest common divisor of 228158344 and 23.
23
Calculate the greatest common factor of 4206874 and 112.
14
Calculate the greatest common factor of 304748 and 10199.
47
Calculate the highest common divisor of 35730 and 93046875.
5955
Calculate the greatest common factor of 8802 and 137844210.
978
Calculate the greatest common divisor of 16055165 and 105.
35
What is the greatest common factor of 208610250 and 1500?
750
Calculate the greatest common factor of 77488470 and 45370.
3490
Calculate the greatest common factor of 104221 and 507.
13
What is the greatest common divisor of 39474501 and 2068?
517
Calculate the highest common factor of 6475495 and 104.
13
What is the highest common divisor of 1988 and 198226?
14
Calculate the highest common factor of 75096 and 25024401.
1341
What is the greatest common divisor of 184912 and 1321943?
889
What is the highest common factor of 724 and 9234620?
724
Calculate the greatest common divisor of 30190347 and 4356.
1089
What is the greatest common factor of 788506 and 328?
2
What is the greatest common factor of 5892 and 23172?
12
Calculate the highest common factor of 35 and 54921349.
7
Calculate the greatest common divisor of 46872 and 171288.
216
What is the highest common divisor of 841 and 2595645?
29
Calculate the highest common divisor of 3216 and 2994297.
201
Calculate the greatest common factor of 260206 and 1515862.
926
What is the highest common divisor of 4545 and 7101?
9
Calculate the highest common divisor of 280877128 and 1428.
476
Calculate the highest common factor of 4390089304 and 107.
107
Calculate the highest common divisor of 8 and 55099172.
4
Calculate the highest common factor of 2816 and 8512768.
2816
Calculate the greatest common factor of 48361 and 437578.
137
Calculate the greatest common divisor of 57 and 902987122.
19
What is the greatest common factor of 396 and 17242731?
99
Calculate the highest common divisor of 608 and 42770912.
32
Calculate the greatest common factor of 47801 and 76128.
13
What is the greatest common divisor of 557766 and 3123?
9
What is the greatest common factor of 57725 and 4625?
25
Calculate the highest common factor of 1745543 and 119.
17
Calculate the highest common factor of 396 and 13650612.
12
What is the highest common divisor of 17554043 and 95?
19
Calculate the greatest common divisor of 435 and 546303305.
145
Calculate the highest common divisor of 3372 and 597624.
12
Calculate the greatest common factor of 7744 and 3349814336.
7744
What is the greatest common divisor of 88980 and 22740?
60
What is the greatest common factor of 12705 and 235851?
231
Calculate the greatest common factor of 4 and 11438788.
4
What is the highest common divisor of 13005612 and 378726?
8058
Calculate the highest common divisor of 290427 and 982131.
2217
What is the highest common divisor of 366069 and 3663?
33
Calculate the highest common divisor of 17223740 and 40.
20
What is the highest common divisor of 1678698 and 243?
27
Calculate the greatest common divisor of 1245434 and 167450.
394
Calculate the greatest common factor of 117083 and 191.
191
Calculate the highest common divisor of 226185 and 40800.
255
What is the highest common divisor of 13283 and 4514?
37
Calculate the highest common divisor of 275 and 37316785.
55
What is the greatest common divisor of 738 and 877204266?
246
Calculate the greatest common factor of 24 and 97273296.
24
Calculate the greatest common factor of 652386 and 423948.
2058
What is the greatest common factor of 2000 and 205853500?
500
What is the greatest common divisor of 1716631 and 31255?
133
What is the highest common factor of 20 and 10821160?
20
Calculate the highest common factor of 168473272 and 77.
11
Calculate the greatest common divisor of 217784 and 14840.
56
Calculate the highest common divisor of 378073 and 9599.
29
Calculate the highest common divisor of 1542 and 1132342.
514
Calculate the highest common divisor of 13596 and 2108436.
132
Calculate the greatest common divisor of 4014 and 188116110.
4014
Calculate the highest common divisor of 4958400 and 255.
15
What is the greatest common divisor of 2786 and 101460946?
398
What is the greatest common factor of 390120 and 6480?
120
What is the greatest common divisor of 319 and 1030656?
11
Calculate the highest common factor of 19053 and 1825521.
87
Calculate the greatest common factor of 1087880 and 90.
10
What is the highest common divisor of 6637531 and 1360?
17
What is the highest common factor of 14 and 1826462?
2
Calculate the greatest common factor of 42188 and 2279744.
796
What is the greatest common factor of 23870 and 21812637?
77
What is the highest common divisor of 1018968940 and 3190?
3190
Calculate the greatest common factor of 316 and 893016.
316
What is the greatest common factor of 5038 and 9465654?
22
What is the greatest common factor of 263 and 186068818?
263
Calculate the greatest common divisor of 28876757 and 91.
91
Calculate the greatest common factor of 524227 and 341.
11
What is the highest common divisor of 5678994 and 100330?
158
Calculate the greatest common divisor of 152299032 and 24.
24
Calculate the highest common divisor of 51544 and 170.
34
What is the highest common divisor of 858532 and 13348?
284
What is the greatest common divisor of 15645 and 89498787?
3129
What is the greatest common divisor of 195 and 5205135?
195
What is the highest common factor of 376647 and 1876479?
1689
What is the greatest common factor of 28295 and 6720?
5
Calculate the highest common divisor of 91320 and 112628.
3044
Calculate the highest common factor of 55324287 and 1133.
103
Calculate the greatest common factor of 1408 and 128051924.
44
What is the highest common factor of 1620 and 420363?
27
Calculate the highest common divisor of 64680 and 10443510.
2310
Calculate the highest common factor of 5796028 and 1482292.
8876
What is the greatest common divisor of 12174 and 10674569?
2029
What is the greatest common factor of 96974 and 4?
2
Calculate the highest common divisor of 188920498 and 10088.
2522
Calculate the greatest common factor of 169 and 22558.
1
What is the highest common factor of 1608 and 843042776?
536
What is the highest common divisor of 940368 and 652531?
1507
What is the highest common divisor of 4037 and 519672?
367
What is the greatest common factor of 40193482 and 6342?
2114
Calculate the highest common factor of 283352149 and 8284.
2071
What is the greatest common factor of 522340 and 5978245?
3185
Calculate the greatest common factor of 24950100 and 84.
84
What is the highest common factor of 4642 and 5066954?
422
What is the highest common factor of 186570 and 960?
30
Calculate the greatest common factor of 64662 and 161850.
78
What is the greatest common divisor of 29001760 and 2296?
328
What is the greatest common factor of 37837422 and 136710?
3906
What is the highest common divisor of 572 and 38344982?
26
What is the greatest common factor of 1155 and 10083480?
165
Calculate the greatest common factor of 222930 and 380790.
90
Calculate the greatest common factor of 50 and 154276675.
25
What is the greatest common factor of 227 and 1097132087?
227
Calculate the highest common factor of 127201 and 100739.
131
Calculate the highest common divisor of 77189 and 147.
7
What is the greatest common factor of 111607 and 70133?
233
Calculate the greatest common factor of 453420 and 449460.
1980
Calculate the greatest common divisor of 6886845 and 1575.
315
What is the greatest common factor of 135321 and